 6*c - 45. Suppose -2*b = -a*b + 1372. What is the highest common factor of b and 14?
7
Let p(h) = 3*h**2 + 45*h - 129. Let u be p(3). What is the highest common factor of u and 2343?
33
Let h be (-1)/(-2)*(-12)/(-3) - 14. Let k(g) = g + 1 - 14*g - 29 - g. Let w be k(h). Calculate the highest common divisor of w and 35.
35
Let j(y) = y**2 - y. Let u be j(3). Suppose o = -u - 20. Let d = o + 28. What is the highest common factor of 14 and d?
2
Suppose 0 = 10*p - 118 + 338. Let f be 11/p - (-362)/4. Let j be (f/(-120))/((-1)/4). What is the greatest common factor of j and 27?
3
Let l = 26613 + -8795. Calculate the highest common divisor of 118 and l.
118
Suppose 0 = o + 3*a - 14, -2*o + 27 = o + 4*a. Let z be (22/(-66))/(2/(-30)*1). Calculate the greatest common divisor of o and z.
5
Let r(s) = 77*s + 417. Suppose -36*h = -49*h - 65. Let v be r(h). Calculate the highest common factor of 48 and v.
16
Let p = -8 - -22. Suppose 7 - 1 = 3*x. Let q be (24 + x/(-1))*7. What is the highest common divisor of p and q?
14
Suppose 14*l + 0*l - 6216 = 0. Suppose 2*v + 1304 = 4*f, 0 = 5*f + v - 1179 - l. Calculate the highest common factor of 50 and f.
25
Let r(j) = j**3 + 46*j**2 - 22*j - 3628. Let h be r(-44). What is the greatest common divisor of 12 and h?
12
Suppose 236 = 3*a - 214. Let u be (((-25)/(-6))/(-1))/((-69)/2898). What is the greatest common factor of a and u?
25
Suppose 1 = c - 2. Suppose 2 = -p + 5*x, -c*x - 2 = -p + 4. Let i(u) = 372*u - 1848. Let g be i(5). What is the greatest common factor of g and p?
6
Suppose 0 = -y - 5*j - 17, -j = -4*y + 3*y + 13. Let n be 2/8 + 1494/y. Suppose 3 = 2*f - n. Calculate the greatest common divisor of f and 19.
19
Let j(f) = -14*f + f**2 - f**2 - 7 + 14 - f**2. Let u = 2 - 13. Let x be j(u). What is the highest common factor of 10 and x?
10
Suppose -3*f - 87 = -6*f. Let o(i) = 69*i**2 - 4*i - 2. Let p be o(3). Let w = p - 520. What is the highest common factor of f and w?
29
Let g = -953 + 967. Let y be -1 + 3 + (-288)/(-3). What is the greatest common divisor of y and g?
14
Suppose -409 + 39 = -5*k + 5*r, 2*k = 3*r + 153. What is the greatest common factor of 2829 and k?
69
Let q be ((-76)/12 - 0) + (-6)/(-18). Let n(s) = -5*s + 26. Let h be n(q). Calculate the highest common factor of h and 196.
28
Let s = 966 + -662. Suppose 18 = 7*n - s. Calculate the greatest common divisor of 207 and n.
23
Suppose -11299 = -18*z - 4387. Calculate the greatest common factor of z and 252.
12
Let l = 42 - 40. Suppose k - 3 - 18 = l*r, 0 = 2*r + 3*k + 25. Let z(f) = -f**2 - 12*f + 29. Let n be z(r). Calculate the greatest common factor of n and 8.
8
Let u(o) = 51*o + 36. Let p be u(1). Suppose 3*m + t = 345, -4*m + 7*m - 3*t = 357. What is the highest common factor of m and p?
29
Suppose -33*b + 990 - 66 = 0. Calculate the greatest common divisor of 25508 and b.
28
Let r be (-85156)/(-20) - 7 - (-8)/(-10). Suppose -r = -l - 16*l. What is the greatest common divisor of 10 and l?
10
Suppose 4002 = 74*c + 53*c - 697. What is the greatest common factor of c and 9509?
37
Suppose -12 = 4*i - 4*r, 3*i + 5*r + 1 = -24. Let t be (115/(-50)*12)/(2/i). Let x = 204 - t. What is the highest common factor of x and 27?
27
Let b be 8502/42 + 152/266. What is the greatest common factor of b and 928?
29
Let u be 38/14 + 16/56 + 13. Let m = 654 + -652. Calculate the greatest common divisor of u and m.
2
Let o be -5*(-54)/(-24)*4/(-3). Let f be (198/10)/11*o. What is the greatest common divisor of 1323 and f?
27
Let w(s) = -s**3 + 12*s**2 + 12*s - 4. Let z(c) = 12*c**2 - c. Let x be z(-1). Let u be w(x). Let g = u + 29. What is the highest common divisor of 4 and g?
4
Let b be ((-1924)/117)/((-16)/288). Calculate the highest common divisor of b and 424.
8
Let i = 16846 - 12558. What is the greatest common factor of i and 67?
67
Let j be ((-1360)/(-48))/17 - 4134/(-9). Calculate the greatest common divisor of j and 1.
1
Suppose 4*u = -c + 156, -30 = -5*u - 3*c + 172. Let j be 56/10 - 12/20. Suppose -j*y + 23 = -72. What is the highest common divisor of y and u?
19
Let c be (1/(-3) + 1)*21. Let s be 11760/(-504)*(-48)/5. What is the greatest common factor of c and s?
14
Let b = -15 + 20. Suppose 0 = -b*y - 11 + 91. Let v be ((-448)/(-21))/(-2 - 52/(-24)). Calculate the greatest common divisor of v and y.
16
Let z = 10221 - 7251. What is the greatest common divisor of z and 55?
55
Let w be ((-178)/(-6))/(117/351). Calculate the highest common factor of 3 and w.
1
Let h be (2 + 5)/((-5)/(-325))*1. Calculate the greatest common factor of h and 5.
5
Suppose -10274 - 3376 = -130*d. Calculate the highest common factor of d and 435.
15
Let o(n) = -4*n**3 + 26*n**2 + 8*n + 6. Let v be o(6). Suppose -10*d + v = -d. What is the greatest common divisor of 658 and d?
14
Let z(a) = -4*a**2 + 31*a + 24. Let u be z(16). Let k = -485 - u. What is the highest common factor of 247 and k?
19
Suppose -5*g - 4*y = -138 - 13, -4*g = -2*y - 100. Let x(i) = 10*i**2 + 6*i + 1. Let c be x(-8). Let n = c + -296. What is the highest common factor of n and g?
27
Suppose 5578 + 5919 = 8*n - 4311. Calculate the highest common divisor of n and 456.
152
Suppose 2*n = 3*p + 22, -2*n + 3*p - 11 = -3*n. Suppose n*d - 22 = -0*d. Let r(f) = 7*f - 2. Let g be r(d). Calculate the highest common factor of g and 3.
3
Let r(c) = -198*c - 205. Let b be r(-28). What is the greatest common factor of 19 and b?
19
Suppose -n = -18 - 1. Let j be (5/(-10))/(2/20)*17. Let l = -47 - j. What is the greatest common factor of n and l?
19
Let c(h) = -h**3 + 19*h**2 + 19*h + 49. Let j be c(20). Let s be 1 - -17 - (j - 29). Suppose 7 = y + 1. Calculate the highest common factor of s and y.
6
Suppose -4*g + 12291 = 2*c + 4077, 3*g - c - 6153 = 0. Calculate the highest common factor of 76 and g.
76
Let g = 23 - 11. Let z = g - 12. Suppose z = 5*b - 21 + 1. Calculate the greatest common factor of 8 and b.
4
Let g be (2 - (-17 + 25) - (-1 + -3)) + 34. Calculate the greatest common divisor of 3296 and g.
32
Let u(r) = r**3 + 10*r**2 + 9*r - 8. Let a be u(-9). Let j = -6 - a. Let c be 12/(-18) + (1028/6)/j. Calculate the highest common divisor of c and 34.
17
Let f(x) = -38*x + 1258. Let t be f(32). What is the highest common divisor of 6720 and t?
42
Suppose -4*a + 178 = -2*a. Suppose 6*q + 115 + 311 = 0. Let w = a + q. Calculate the highest common factor of 2 and w.
2
Let p(i) = -2*i**3 - 117*i**2 + 53*i + 201. Let y be p(-59). What is the highest common factor of y and 333?
111
Let c(g) = -19*g. Let w be c(-15). Let d = -8467 - -8524. Calculate the greatest common factor of w and d.
57
Let c(r) = 11*r**2 + r - 23. Let s be c(14). Calculate the greatest common factor of 1017 and s.
113
Suppose 0 = -3*x + b + 16, 3*b = 34 - 46. Suppose 3*i - x*c = 1923, -i = c - 3*c - 639. Calculate the greatest common factor of 15 and i.
15
Suppose 27286*p - 7017 = 27276*p + 15603. What is the highest common factor of 609 and p?
87
Let v(b) = 8*b**2 + 25*b**2 - b + 40 + 40*b - 6*b**2. Let m be v(-1). Calculate the highest common factor of 49 and m.
7
Suppose -120 = -78*l + 76*l. Let g = l + -56. Suppose 15 = 2*s + 3. Calculate the greatest common factor of s and g.
2
Suppose -144*r = -146*r + 3*q + 4311, -q + 5 = 0. What is the highest common factor of r and 35?
7
Let h(t) = t**2 - 50*t + 651. Let j be h(22). What is the highest common divisor of 133 and j?
7
Let p(v) be the third derivative of 25*v**4/24 - 107*v**3/6 + 6*v**2 - 8*v. Let y be p(6). Calculate the highest common factor of 86 and y.
43
Let d(i) = -114*i - 6. Let a(x) = 2*x**3 - 10*x**2 + x - 7. Let l be a(5). Let f be d(l). What is the highest common divisor of 6 and f?
6
Suppose -11*t + 4*t = -105. Suppose 5*d + 1303 = 4*n, 0*d = 5*d + t. What is the highest common divisor of n and 46?
46
Let y be ((-49)/(-245))/(2/25) + (-36422)/(-4). Calculate the highest common factor of 36 and y.
36
Let z(i) = i**2 + 31*i - 802. Let t be z(28). Calculate the greatest common factor of t and 2720.
170
Let b = -193 + 353. Suppose -36*o = -31*o + b. Let a be o/240 - 1174/(-30). Calculate the greatest common factor of 52 and a.
13
Suppose 2*c + 1512 = -4*b, -2*b - 393 = -5*c - 4161. Let q = -644 - c. Calculate the highest common divisor of 165 and q.
55
Let s be ((